st common divisor of 2734808 and 72?
8
What is the highest common factor of 4662604 and 4738?
206
Calculate the greatest common divisor of 2133 and 78955128.
2133
What is the highest common factor of 5803294 and 280?
14
Calculate the highest common factor of 13474020 and 490980.
2940
What is the highest common divisor of 27689377 and 73499?
1097
What is the highest common divisor of 2088 and 7638020?
116
Calculate the highest common divisor of 62832 and 68451537.
3927
Calculate the highest common factor of 16656717 and 1372.
49
What is the highest common divisor of 5007546 and 522?
522
What is the highest common divisor of 992 and 17400052?
124
Calculate the greatest common divisor of 152 and 19363850.
38
Calculate the highest common divisor of 64928472 and 12768.
3192
Calculate the highest common factor of 150410 and 10707840.
1690
Calculate the highest common divisor of 25905 and 810591.
471
Calculate the greatest common divisor of 37319 and 547457.
67
What is the greatest common factor of 112 and 3899098?
14
What is the highest common divisor of 819 and 17085285?
63
Calculate the highest common divisor of 12075540 and 384.
12
Calculate the highest common factor of 4785641 and 11525.
461
Calculate the highest common divisor of 5 and 3847895.
5
What is the greatest common divisor of 184052 and 2505617?
4183
Calculate the highest common factor of 7952 and 12678967.
497
What is the highest common factor of 1068 and 2478116?
356
Calculate the highest common divisor of 319312 and 14416.
16
Calculate the highest common factor of 2930182 and 1132.
566
What is the greatest common factor of 9162320 and 56?
8
Calculate the highest common factor of 144570082 and 1579.
1579
Calculate the greatest common factor of 21 and 9669863.
7
What is the highest common divisor of 2830165 and 52?
13
What is the greatest common divisor of 6696 and 4171484?
124
What is the highest common divisor of 404586 and 3382?
38
What is the highest common divisor of 1109628 and 27651?
39
What is the greatest common divisor of 2 and 1207787?
1
Calculate the greatest common divisor of 43093117 and 932.
233
What is the greatest common divisor of 11698687 and 5887?
203
What is the greatest common divisor of 131776 and 1966432?
928
Calculate the highest common divisor of 64264 and 1226178.
58
Calculate the greatest common divisor of 5056 and 142825048.
632
What is the highest common divisor of 5 and 46698485?
5
What is the highest common factor of 24312 and 22566?
6
What is the greatest common divisor of 14220076 and 1586?
1586
Calculate the highest common divisor of 46 and 195307306.
46
Calculate the greatest common factor of 65910 and 7290.
30
Calculate the highest common divisor of 29757 and 65184.
21
What is the greatest common factor of 209664 and 141876?
252
What is the greatest common divisor of 315 and 31362625?
35
Calculate the highest common divisor of 3741 and 1469267.
43
Calculate the highest common factor of 56974242 and 1462.
34
Calculate the greatest common factor of 114 and 27271.
1
Calculate the greatest common factor of 302 and 32785271.
151
What is the highest common divisor of 64532 and 110500?
884
What is the highest common factor of 477 and 7976712?
159
Calculate the greatest common factor of 370445553 and 1654.
827
Calculate the greatest common factor of 17282890 and 290.
10
What is the highest common divisor of 2116610 and 250?
10
What is the highest common divisor of 18954 and 1227876?
78
What is the greatest common factor of 535011 and 250185?
3849
What is the highest common divisor of 700803251 and 709?
709
Calculate the highest common divisor of 29130987 and 21.
3
Calculate the highest common factor of 19416610 and 5.
5
Calculate the highest common factor of 123241 and 26857.
251
Calculate the greatest common factor of 16458 and 41457.
39
What is the greatest common factor of 3360872 and 456?
152
What is the highest common divisor of 369 and 149049?
9
What is the greatest common factor of 352 and 547488?
32
What is the highest common factor of 183 and 40776609?
183
What is the highest common divisor of 56 and 18431658?
14
Calculate the greatest common divisor of 6348016 and 407.
37
What is the greatest common divisor of 11445 and 1050525?
105
Calculate the highest common divisor of 11 and 105513936.
11
What is the highest common factor of 11052513 and 276597?
3789
What is the greatest common divisor of 2888403 and 22857?
1203
What is the highest common divisor of 5630598 and 774?
18
Calculate the greatest common factor of 99671232 and 192.
192
Calculate the highest common factor of 4460 and 18412441.
223
What is the greatest common factor of 28576 and 2099120?
304
Calculate the highest common factor of 98307 and 47772237.
993
Calculate the highest common factor of 544 and 13630464.
544
Calculate the highest common factor of 1725 and 119352474.
69
What is the greatest common divisor of 1168596 and 222651?
1287
Calculate the greatest common divisor of 296 and 8742212.
148
Calculate the highest common divisor of 43 and 41186.
1
Calculate the highest common divisor of 15921020 and 280.
20
What is the greatest common factor of 1350 and 2901090?
30
What is the highest common divisor of 88363 and 2227577?
319
Calculate the highest common divisor of 32532571 and 1483.
1483
What is the greatest common divisor of 212032660 and 85204?
5012
What is the greatest common factor of 75661 and 604969?
29
What is the greatest common factor of 49875 and 96045?
285
What is the greatest common factor of 752411 and 268202?
803
Calculate the highest common divisor of 59 and 13447516.
59
Calculate the highest common factor of 25280 and 978560.
320
Calculate the highest common factor of 41811 and 218163.
33
What is the highest common divisor of 955 and 814233?
191
Calculate the highest common divisor of 31495856 and 116.
116
What is the highest common divisor of 42737052 and 4068?
1356
What is the highest common divisor of 75 and 4377675?
75
Calculate the greatest common divisor of 14880 and 1067205.
15
Calculate the greatest common factor of 7877625 and 7050.
75
What is the highest common factor of 1332 and 10890099?
333
What is the greatest common divisor of 3 and 41081721?
3
Calculate the greatest common factor of 8032423 and 98.
49
What is the highest common divisor of 39882678 and 33968?
4246
What is the highest common factor of 2268 and 12098646?
1134
What is the highest common factor of 280 and 5290775?
35
What is the highest common divisor of 5751669 and 176?
11
Calculate the highest common factor of 195514 and 154924.
22
What is the highest common factor of 7147 and 5306?
7
Calculate the highest common divisor of 2558600 and 31880.
40
Calculate the greatest common divisor of 388 and 2164167.
97
Calculate the greatest common divisor of 9 and 19102914.
9
What is the highest common divisor of 4234 and 46690435?
2117
What is the greatest common factor of 6011079 and 9668?
2417
What is the highest common divisor of 1478 and 32581771?
739
What is the greatest common factor of 5934 and 5596751?
989
Calculate the greatest common factor of 3697200 and 117.
117
Calculate the greatest common factor of 706090 and 27720.
770
Calculate the highest common factor of 425684 and 74704.
644
Calculate the greatest common factor of 133 and 14539503.
19
What is the greatest common factor of 3231536 and 671?
671
Calculate the highest common divisor of 13024 and 29674.
74
What is the greatest common factor of 1122713 and 1678486?
859
Calculate the highest common factor of 468629217 and 189.
63
Calculate the highest common divisor of 5315798 and 306.
34
Calculate the greatest common divisor of 3270800 and 782.
34
What is the highest common factor of 15151401 and 3071?
83
Calculate the greatest common factor of 33 and 1754885.
11
Calculate the highest common factor of 504 and 7559436.
12
What is the greatest common factor of 8421 and 488453?
7
Calculate the highest common divisor of 998715 and 33360.
2085
Calculate the highest common factor of 20418350 and 95950.
950
What is the highest common factor of 2652 and 4528212?
156
What is the greatest common factor of 4709 and 1960559?
17
What is the greatest common divisor of 1024160 and 72520?
1480
What is the greatest common factor of 124869 and 